.
47, 509
List the prime factors of 20952.
2, 3, 97
What are the prime factors of 7058?
2, 3529
What are the prime factors of 5330?
2, 5, 13, 41
What are the prime factors of 6645?
3, 5, 443
What are the prime factors of 993?
3, 331
What are the prime factors of 3244?
2, 811
What are the prime factors of 3055?
5, 13, 47
What are the prime factors of 3082?
2, 23, 67
List the prime factors of 1083.
3, 19
List the prime factors of 388.
2, 97
What are the prime factors of 675?
3, 5
List the prime factors of 4705.
5, 941
List the prime factors of 3805.
5, 761
What are the prime factors of 160206?
2, 3, 26701
List the prime factors of 62042.
2, 67, 463
List the prime factors of 1642.
2, 821
What are the prime factors of 489?
3, 163
List the prime factors of 750.
2, 3, 5
List the prime factors of 61298.
2, 30649
List the prime factors of 12639.
3, 11, 383
What are the prime factors of 3565?
5, 23, 31
What are the prime factors of 8258?
2, 4129
List the prime factors of 449.
449
What are the prime factors of 386?
2, 193
What are the prime factors of 10405?
5, 2081
List the prime factors of 1358.
2, 7, 97
List the prime factors of 964.
2, 241
What are the prime factors of 49990?
2, 5, 4999
List the prime factors of 118548.
2, 3, 37, 89
What are the prime factors of 51326?
2, 11, 2333
List the prime factors of 6241.
79
List the prime factors of 3014.
2, 11, 137
List the prime factors of 4826.
2, 19, 127
What are the prime factors of 13180?
2, 5, 659
What are the prime factors of 684?
2, 3, 19
List the prime factors of 145.
5, 29
List the prime factors of 4851.
3, 7, 11
List the prime factors of 1705.
5, 11, 31
What are the prime factors of 1846?
2, 13, 71
What are the prime factors of 38548?
2, 23, 419
List the prime factors of 51261.
3, 7, 2441
List the prime factors of 8760.
2, 3, 5, 73
What are the prime factors of 34062?
2, 3, 7, 811
What are the prime factors of 8033?
29, 277
List the prime factors of 841.
29
List the prime factors of 22226.
2, 11113
What are the prime factors of 23406?
2, 3, 47, 83
List the prime factors of 2048.
2
List the prime factors of 1814.
2, 907
List the prime factors of 6323.
6323
What are the prime factors of 1127?
7, 23
List the prime factors of 51528.
2, 3, 19, 113
List the prime factors of 12943.
7, 43
List the prime factors of 31104.
2, 3
List the prime factors of 2898.
2, 3, 7, 23
List the prime factors of 10323.
3, 31, 37
List the prime factors of 1187.
1187
What are the prime factors of 417?
3, 139
List the prime factors of 279.
3, 31
What are the prime factors of 211?
211
What are the prime factors of 5072?
2, 317
List the prime factors of 104102.
2, 52051
List the prime factors of 8769.
3, 37, 79
What are the prime factors of 822?
2, 3, 137
What are the prime factors of 793?
13, 61
List the prime factors of 178758.
2, 3, 9931
What are the prime factors of 398?
2, 199
List the prime factors of 309.
3, 103
List the prime factors of 992.
2, 31
What are the prime factors of 3314?
2, 1657
List the prime factors of 37550.
2, 5, 751
List the prime factors of 11307.
3, 3769
List the prime factors of 26815.
5, 31, 173
List the prime factors of 62359.
11, 5669
What are the prime factors of 10650?
2, 3, 5, 71
What are the prime factors of 89705?
5, 7, 11, 233
What are the prime factors of 29461?
17, 1733
What are the prime factors of 9057?
3, 3019
What are the prime factors of 65959?
71, 929
What are the prime factors of 1004?
2, 251
What are the prime factors of 7090?
2, 5, 709
List the prime factors of 95764.
2, 89, 269
List the prime factors of 5481.
3, 7, 29
List the prime factors of 5698.
2, 7, 11, 37
What are the prime factors of 560?
2, 5, 7
What are the prime factors of 16410?
2, 3, 5, 547
List the prime factors of 1120.
2, 5, 7
List the prime factors of 63220.
2, 5, 29, 109
List the prime factors of 824.
2, 103
List the prime factors of 11776.
2, 23
List the prime factors of 37833.
3, 12611
What are the prime factors of 135?
3, 5
What are the prime factors of 4585?
5, 7, 131
List the prime factors of 199.
199
List the prime factors of 20884.
2, 23, 227
List the prime factors of 81583.
17, 4799
What are the prime factors of 1351?
7, 193
List the prime factors of 3017.
7, 431
List the prime factors of 990.
2, 3, 5, 11
What are the prime factors of 16355?
5, 3271
List the prime factors of 137905.
5, 27581
List the prime factors of 1091.
1091
List the prime factors of 607.
607
What are the prime factors of 1033?
1033
List the prime factors of 1970.
2, 5, 197
What are the prime factors of 3612?
2, 3, 7, 43
What are the prime factors of 14309?
41, 349
List the prime factors of 22525.
5, 17, 53
List the prime factors of 7722.
2, 3, 11, 13
List the prime factors of 70184.
2, 31, 283
List the prime factors of 6222.
2, 3, 17, 61
List the prime factors of 10474.
2, 5237
List the prime factors of 143841.
3, 47947
What are the prime factors of 2200?
2, 5, 11
What are the prime factors of 3456?
2, 3
List the prime factors of 1982.
2, 991
What are the prime factors of 1193?
1193
What are the prime factors of 63138?
2, 3, 17, 619
What are the prime factors of 15338?
2, 7669
What are the prime factors of 12542?
2, 6271
List the prime factors of 132423.
3, 37, 1193
What are the prime factors of 25663?
11, 2333
List the prime factors of 2354.
2, 11, 107
What are the prime factors of 14022?
2, 3, 19, 41
List the prime factors of 186110.
2, 5, 37, 503
What are the prime factors of 6351?
3, 29, 73
What are the prime factors of 114?
2, 3, 19
What are the prime factors of 8566?
2, 4283
List the prime factors of 966.
2, 3, 7, 23
What are the prime factors of 3200?
2, 5
List the prime factors of 1287.
3, 11, 13
List the prime factors of 28263.
3, 9421
What are the prime factors of 4244?
2, 1061
List the prime factors of 18859.
18859
What are the prime factors of 438?
2, 3, 73
What are the prime factors of 34131?
3, 31, 367
List the prime factors of 3900.
2, 3, 5, 13
List the prime factors of 4082.
2, 13, 157
What are the prime factors of 143543?
23, 79
List the prime factors of 15544.
2, 29, 67
List the prime factors of 12729.
3, 4243
What are the prime factors of 2161?
2161
What are the prime factors of 1562?
2, 11, 71
List the prime factors of 150.
2, 3, 5
What are the prime factors of 403?
13, 31
List the prime factors of 11861.
29, 409
What are the prime factors of 13987?
71, 197
List the prime factors of 49160.
2, 5, 1229
What are the prime factors of 987?
3, 7, 47
List the prime factors of 2060.
2, 5, 103
What are the prime factors of 3720?
2, 3, 5, 31
List the prime factors of 132481.
17, 7793
List the prime factors of 2522.
2, 13, 97
What are the prime factors of 5054?
2, 7, 19
What are the prime factors of 3903?
3, 1301
What are the prime factors of 1626?
2, 3, 271
List the prime factors of 6009.
3, 2003
What are the prime factors of 7949?
7949
List the prime factors of 14096.
2, 881
List the prime factors of 33641.
33641
What are the prime factors of 6353?
6353
List the prime factors of 40065.
3, 5, 2671
What are the prime factors of 607?
607
What are the prime factors of 55451?
11, 71
What are the prime factors of 143?
11, 13
What are the prime factors of 8067?
3, 2689
What are the prime factors of 332?
2, 83
List the prime factors of 1097.
1097
List the prime factors of 6922.
2, 3461
List the prime factors of 77156.
2, 19289
List the prime factors of 68.
2, 17
List the prime factors of 968.
2, 11
List the prime factors of 47711.
47711
List the prime factors of 5335.
5, 11, 97
List the prime factors of 5169.
3, 1723
What are the prime factors of 29685?
3, 5, 1979
List the prime factors of 30050.
2, 5, 601
What are the prime factors of 986?
2, 17, 29
List the prime factors of 8828.
2, 2207
List the prime factors of 2452.
2, 613
What are the prime factors of 4210?
2, 5, 421
List the prime factors of 43752.
2, 3, 1823
List the prime factors of 2728.
2, 11, 31
What are the prime factors of 1347?
3, 449
List the prime factors of 8505.
3, 5, 7
What are the prime factors of 6308?
2, 19, 83
List the prime factors of 13017.
3, 4339
What are the prime factors of 38?
2, 19
List the prime factors of 3274.
2, 1637
List the prime factors of 446.
2, 223
What are the prime factors of 64637?
109, 593
What are the prime factors of 2172?
2, 3